{"id":2,"date":"2026-02-28T15:55:39","date_gmt":"2026-02-28T15:55:39","guid":{"rendered":"https:\/\/edv.ma\/wordpress\/?page_id=2"},"modified":"2026-03-15T13:46:08","modified_gmt":"2026-03-15T13:46:08","slug":"sample-page","status":"publish","type":"page","link":"https:\/\/edv.ma\/wordpress\/?page_id=2","title":{"rendered":"Le\u00e7ons de la Vie"},"content":{"rendered":"<section style=\"background: #f5f5f5; padding: 20px; border-radius: 8px;\">\n<p><h3 style=\"color: #1a73e8;\">Ce burn out : cet ami<\/style>\n<\/h3>\n<p><i>Il y&rsquo;a une dizaine d&rsquo;ann\u00e9es, un burn out professionnel est venu taper \u00e0 ma porte sans m&rsquo;avertir.<br \/>\nIl a bouscul\u00e9 ma fa\u00e7on de travailler, remis en cause les fondations du regard que j&rsquo;avais sur mon m\u00e9tier. tout semblait s&rsquo;\u00e9crouler comme un chateau de cartes.<\/p>\n<p>Le d\u00e9ni, le d\u00e9ni et le d\u00e9ni. Mais \u00e7a ne peut pas arriver \u00e0 moi!<br \/>\nPourtant, les signaux \u00e9taient bien clairs avant c&rsquo;est comme une voiture qui t&rsquo;avertit comme des voyants : jaune, orange et puis rouge.<\/p>\n<p>Ce burn out qu&rsquo;on croyait que \u00e7a n&rsquo;arrive qu&rsquo;aux autres est tout proche de n&rsquo;importe qui s&rsquo;il ne s&rsquo;\u00e9coute pas avant que tout s&rsquo;\u00e9croule.<br \/>\nC&rsquo;est un moment de pause pour se r\u00e9g\u00e9n\u00e9rer et revenir plus ancr\u00e9 dans la vie.<\/i><\/p>\n<p>Y.A<br \/>\n<\/section>\n<\/p>\n<section style=\"background: #f5f5f5; padding: 20px; border-radius: 8px;\">\n<h3 style=\"color: #1a73e8;\">Je ne comprenais pas ce qui m&rsquo;arrivait<\/style>\n<\/h3>\n<p><i>Dans ma vie, certaines exp\u00e9riences sont arriv\u00e9s sans me pr\u00e9venir.<br \/>\nElles ont boulevers\u00e9 mes plans et m&rsquo;ont plac\u00e9 dans une situation que je n\u2019avais jamais envisag\u00e9e.<\/p>\n<p>Sur le moment, je cherchais une explication.<br \/>\nJe voulais comprendre imm\u00e9diatement ce qui se passait.<br \/>\nMais aucune r\u00e9ponse claire n\u2019apparaissait.<\/p>\n<p>Avec le temps, une chose devient plus claire :<br \/>\nCette exp\u00e9rience ne se comprenait pas imm\u00e9diatement.<br \/>\nElle s&rsquo;est r\u00e9v\u00e9l\u00e9e avec le recul.<\/i><\/p>\n<p>MA.Y<br \/>\n<\/section>\n<\/p>\n<section style=\"background: #f5f5f5; padding: 20px; border-radius: 8px;\">\n<p><h3 style=\"color: #1a73e8;\">Certaines \u00e9preuves ont chang\u00e9 mon regard<\/h3>\n<\/p>\n<p><i>Certaines \u00e9preuves ont chang\u00e9 mon regard<\/p>\n<p>La vie m&rsquo;a fait traverser des p\u00e9riodes difficiles.<\/p>\n<p>Sur le moment, j&rsquo;avais l\u2019impression que ces exp\u00e9riences n\u2019avaient aucun sens.<br \/>\nMais avec le temps, j&rsquo;ai d\u00e9couvert que ces moments ont chang\u00e9 ma mani\u00e8re de voir la vie.<br \/>\nIls ont fait appara\u00eetre :<br \/>\nune nouvelle sensibilit\u00e9<br \/>\nune nouvelle force<br \/>\nune nouvelle compr\u00e9hension.<\/i><\/p>\n<p>Y.A<br \/>\n<\/section><\/p>\n","protected":false},"excerpt":{"rendered":"<p>Ce burn out : cet ami Il y&rsquo;a une dizaine d&rsquo;ann\u00e9es, un burn out professionnel est venu taper \u00e0 ma porte sans m&rsquo;avertir. Il a bouscul\u00e9 ma fa\u00e7on de travailler, remis en cause les fondations du regard que j&rsquo;avais sur mon m\u00e9tier. tout semblait s&rsquo;\u00e9crouler comme un chateau de cartes. Le d\u00e9ni, le d\u00e9ni et [&hellip;]<\/p>\n","protected":false},"author":1,"featured_media":0,"parent":0,"menu_order":0,"comment_status":"closed","ping_status":"open","template":"","meta":{"_uag_custom_page_level_css":"","footnotes":""},"class_list":["post-2","page","type-page","status-publish","hentry","entry"],"uagb_featured_image_src":{"full":false,"thumbnail":false,"medium":false,"medium_large":false,"large":false,"1536x1536":false,"2048x2048":false,"ocean-thumb-m":false,"ocean-thumb-ml":false,"ocean-thumb-l":false},"uagb_author_info":{"display_name":"admin","author_link":"https:\/\/edv.ma\/wordpress\/?author=1"},"uagb_comment_info":0,"uagb_excerpt":"Ce burn out : cet ami Il y&rsquo;a une dizaine d&rsquo;ann\u00e9es, un burn out professionnel est venu taper \u00e0 ma porte sans m&rsquo;avertir. Il a bouscul\u00e9 ma fa\u00e7on de travailler, remis en cause les fondations du regard que j&rsquo;avais sur mon m\u00e9tier. tout semblait s&rsquo;\u00e9crouler comme un chateau de cartes. Le d\u00e9ni, le d\u00e9ni et\u2026","_links":{"self":[{"href":"https:\/\/edv.ma\/wordpress\/index.php?rest_route=\/wp\/v2\/pages\/2","targetHints":{"allow":["GET"]}}],"collection":[{"href":"https:\/\/edv.ma\/wordpress\/index.php?rest_route=\/wp\/v2\/pages"}],"about":[{"href":"https:\/\/edv.ma\/wordpress\/index.php?rest_route=\/wp\/v2\/types\/page"}],"author":[{"embeddable":true,"href":"https:\/\/edv.ma\/wordpress\/index.php?rest_route=\/wp\/v2\/users\/1"}],"replies":[{"embeddable":true,"href":"https:\/\/edv.ma\/wordpress\/index.php?rest_route=%2Fwp%2Fv2%2Fcomments&post=2"}],"version-history":[{"count":76,"href":"https:\/\/edv.ma\/wordpress\/index.php?rest_route=\/wp\/v2\/pages\/2\/revisions"}],"predecessor-version":[{"id":186,"href":"https:\/\/edv.ma\/wordpress\/index.php?rest_route=\/wp\/v2\/pages\/2\/revisions\/186"}],"wp:attachment":[{"href":"https:\/\/edv.ma\/wordpress\/index.php?rest_route=%2Fwp%2Fv2%2Fmedia&parent=2"}],"curies":[{"name":"wp","href":"https:\/\/api.w.org\/{rel}","templated":true}]}}

Leçons de la Vie

<section style="background: #f5f5f5; padding: 20px; border-radius: 8px;">
<p><h3 style="color: #1a73e8;">Ce burn out : cet ami</style>
</h3>
<p><i>Il y&rsquo;a une dizaine d&rsquo;années, un burn out professionnel est venu taper à ma porte sans m&rsquo;avertir.<br />
Il a bousculé ma façon de travailler, remis en cause les fondations du regard que j&rsquo;avais sur mon métier. tout semblait s&rsquo;écrouler comme un chateau de cartes.</p>
<p>Le déni, le déni et le déni. Mais ça ne peut pas arriver à moi!<br />
Pourtant, les signaux étaient bien clairs avant c&rsquo;est comme une voiture qui t&rsquo;avertit comme des voyants : jaune, orange et puis rouge.</p>
<p>Ce burn out qu&rsquo;on croyait que ça n&rsquo;arrive qu&rsquo;aux autres est tout proche de n&rsquo;importe qui s&rsquo;il ne s&rsquo;écoute pas avant que tout s&rsquo;écroule.<br />
C&rsquo;est un moment de pause pour se régénérer et revenir plus ancré dans la vie.</i></p>
<p>Y.A<br />
</section>
</p>
<section style="background: #f5f5f5; padding: 20px; border-radius: 8px;">
<h3 style="color: #1a73e8;">Je ne comprenais pas ce qui m&rsquo;arrivait</style>
</h3>
<p><i>Dans ma vie, certaines expériences sont arrivés sans me prévenir.<br />
Elles ont bouleversé mes plans et m&rsquo;ont placé dans une situation que je n’avais jamais envisagée.</p>
<p>Sur le moment, je cherchais une explication.<br />
Je voulais comprendre immédiatement ce qui se passait.<br />
Mais aucune réponse claire n’apparaissait.</p>
<p>Avec le temps, une chose devient plus claire :<br />
Cette expérience ne se comprenait pas immédiatement.<br />
Elle s&rsquo;est révélée avec le recul.</i></p>
<p>MA.Y<br />
</section>
</p>
<section style="background: #f5f5f5; padding: 20px; border-radius: 8px;">
<p><h3 style="color: #1a73e8;">Certaines épreuves ont changé mon regard</h3>
</p>
<p><i>Certaines épreuves ont changé mon regard</p>
<p>La vie m&rsquo;a fait traverser des périodes difficiles.</p>
<p>Sur le moment, j&rsquo;avais l’impression que ces expériences n’avaient aucun sens.<br />
Mais avec le temps, j&rsquo;ai découvert que ces moments ont changé ma manière de voir la vie.<br />
Ils ont fait apparaître :<br />
une nouvelle sensibilité<br />
une nouvelle force<br />
une nouvelle compréhension.</i></p>
<p>Y.A<br />
</section></p>

<p>Ce burn out : cet ami Il y&rsquo;a une dizaine d&rsquo;années, un burn out professionnel est venu taper à ma porte sans m&rsquo;avertir. Il a bousculé ma façon de travailler, remis en cause les fondations du regard que j&rsquo;avais sur mon métier. tout semblait s&rsquo;écrouler comme un chateau de cartes. Le déni, le déni et [&hellip;]</p>

Ce burn out : cet ami Il y&rsquo;a une dizaine d&rsquo;années, un burn out professionnel est venu taper à ma porte sans m&rsquo;avertir. Il a bousculé ma façon de travailler, remis en cause les fondations du regard que j&rsquo;avais sur mon métier. tout semblait s&rsquo;écrouler comme un chateau de cartes. Le déni, le déni et…
